2 - 101*n + 2325. Give a(66).
15
Let x(j) = -747*j**2 + 460879*j + 12345. Determine x(617).
5
Let x(m) = -m**3 + 858*m**2 - 6811*m + 96. What is x(8)?
8
Let c(h) = -30478*h + 7741406. Give c(254).
-6
Let h(a) = 2*a**3 - 78*a**2 - 65*a + 1768. Calculate h(39).
-767
Let y(t) = 4*t**2 - 417*t + 11422. What is y(58)?
692
Let m(x) = -12*x**2 + 53*x + 256. Calculate m(11).
-613
Let d(u) = 72*u**2 + 3257*u - 313. Calculate d(-45).
-1078
Let m(v) = -9*v**3 - 6*v**2 + 129*v - 830. Determine m(7).
-3308
Let g(s) = -s**3 + 30*s**2 - 246*s - 19. Give g(12).
-379
Let n(l) = -l**2 + 5819*l - 616784. Determine n(108).
4
Let n(k) = 122*k - 6869. Calculate n(50).
-769
Let x(a) = 6*a**3 + 526*a**2 + 349*a + 81. Calculate x(-87).
-6
Let v(z) = z**2 + 87*z + 823. Calculate v(-13).
-139
Let i(p) = -1589*p - 357534. Calculate i(-225).
-9
Let j(l) = -287*l - 1450. Determine j(2).
-2024
Let q(m) = 2*m**2 - 2320*m - 100955. What is q(-42)?
13
Let y(t) = 4*t**3 + 50*t**2 + 164*t - 157. Give y(-6).
-205
Let w(i) = -8*i**2 + 4123*i - 80687. Determine w(495).
-2
Let y(n) = -n**2 + 58724*n - 11704825. Give y(200).
-25
Let d(p) = -57*p + 2221. Give d(46).
-401
Let z(u) = 4*u**3 - 218*u**2 - 4690*u + 304. What is z(71)?
20
Let b(f) = 8*f**2 + 33*f - 761. Determine b(-12).
-5
Let y(x) = -424*x - 80121. Calculate y(-189).
15
Let z(u) = u**3 - 13*u**2 + 23905*u - 262703. What is z(11)?
10
Let w(k) = 706*k + 22277. Give w(-32).
-315
Let u(n) = n**3 + 25*n**2 - 189*n + 87. Calculate u(6).
69
Let a(u) = u**3 - 422*u**2 - 3977*u + 42219. What is a(431)?
-19
Let p(u) = 1599*u + 413. Calculate p(-1).
-1186
Let l(t) = -2*t**3 + 1134*t**2 + 2224*t + 29595. Calculate l(569).
7
Let r(s) = -4*s**3 - 226*s**2 - 310*s - 11080. Calculate r(-56).
8
Let r(q) = -1409*q**2 + 219*q - 221. Determine r(1).
-1411
Let n(a) = 1962*a - 23545. Give n(12).
-1
Let h(b) = 27*b**2 + 91429*b - 182863. Calculate h(2).
103
Let x(j) = 6*j**2 + 1356*j + 55964. Determine x(-54).
236
Let q(b) = b**3 - 127*b**2 - 327*b + 25617. What is q(128)?
145
Let o(a) = -4*a**2 + 931*a + 40391. Calculate o(268).
2603
Let o(v) = 372*v**3 + 26*v**2 + 131*v - 158. Give o(1).
371
Let f(s) = 960*s - 746888. What is f(778)?
-8
Let f(y) = 5*y**2 - 97*y - 16746. Give f(-49).
12
Let h(r) = -r**3 + 782*r**2 + 11226*r - 65182. What is h(796)?
90
Let f(t) = -12*t**3 - 7*t + 7. Calculate f(2).
-103
Let a(s) = -5983*s + 47282. What is a(8)?
-582
Let j(z) = -8*z**2 - 6849*z + 41129. What is j(6)?
-253
Let b(x) = -6*x**2 + 21573*x + 259012. What is b(-12)?
-728
Let u(v) = -v**3 + 5*v**2 - 3*v + 8. Give u(6).
-46
Let y(z) = -6722*z - 242020. Give y(-36).
-28
Let d(u) = 2*u**3 - 495*u**2 - 728*u + 119028. Give d(248).
-12
Let l(y) = -3*y**2 + 264*y + 6523. Calculate l(108).
43
Let m(g) = -g**2 + 2*g + 7501. Calculate m(-87).
-242
Let i(j) = -1138*j + 39814. Calculate i(35).
-16
Let s(l) = l**2 - 854*l - 18367. Calculate s(-21).
8
Let c(u) = -3*u**3 + 290*u**2 + 695*u - 190. Give c(99).
8
Let b(h) = -h**2 + 477*h - 17073. Calculate b(438).
9
Let q(m) = -25627*m + 29419790. Calculate q(1148).
-6
Let t(z) = z**2 + 116*z - 16664. What is t(88)?
1288
Let d(f) = -126*f - 18111. What is d(-160)?
2049
Let c(v) = -2642*v + 16516. Calculate c(6).
664
Let t(g) = 4896*g + 2492059. Calculate t(-509).
-5
Let r(o) = -o**2 - 65850*o + 263409. What is r(4)?
-7
Let w(k) = -2*k**2 - 397*k - 19075. What is w(-117)?
-4
Let a(z) = -z**3 - 18227*z**2 - 72893*z. Calculate a(-4).
4
Let v(d) = -5326*d - 244940. Calculate v(-46).
56
Let c(p) = 3*p**3 + 55*p**2 - 92*p - 2041. Determine c(-18).
-61
Let g(o) = o**2 - 155*o - 3318. Calculate g(174).
-12
Let a(n) = -n**3 + 84*n**2 - 891*n + 974. Determine a(11).
6
Let v(s) = 19813*s + 79528. Give v(-4).
276
Let m(g) = 759*g + 141128. Calculate m(-186).
-46
Let r(f) = -f**3 + 105*f**2 + 5*f - 179. Give r(105).
346
Let r(l) = 13374*l - 374525. Determine r(28).
-53
Let i(z) = -z**2 - 3657*z - 115896. Determine i(-32).
104
Let j(r) = -3*r**3 + 12*r**2 - 3*r - 37. Calculate j(5).
-127
Let h(w) = 15*w**3 - 569*w**2 - 78*w - 79. Give h(38).
-1599
Let x(p) = p**2 - 14124*p - 28301. Determine x(-2).
-49
Let v(o) = 122750*o - 38911748. Give v(317).
2
Let y(k) = k**3 - 520*k**2 + 86*k - 44683. Determine y(520).
37
Let j(g) = -g**2 - 41*g + 1326. What is j(22)?
-60
Let g(y) = 1925*y + 11656. Calculate g(-6).
106
Let r(z) = 122*z**2 - 4260*z + 215. Give r(35).
565
Let m(a) = a**3 - 7*a**2 + 158*a - 1494. Calculate m(9).
90
Let c(o) = 5*o**3 - 16*o**2 + 1353*o - 4061. Determine c(3).
-11
Let x(p) = 11*p**2 + 22*p + 86. Give x(-9).
779
Let c(w) = 19*w + 657. Determine c(-2).
619
Let o(f) = f**3 + 160*f**2 - 497*f - 1310. What is o(-163)?
-6
Let r(n) = -16*n**3 - 1809*n**2 - 1891*n + 1443. What is r(-112)?
-13
Let c(h) = 2*h**3 + 9*h**2 - 307*h + 2156. What is c(7)?
1134
Let l(t) = -41571*t + 41529. Calculate l(1).
-42
Let a(z) = z**3 + 57*z**2 + 652*z + 26711. Give a(-54).
251
Let g(j) = 80019*j + 1360311. What is g(-17)?
-12
Let f(n) = 12*n**3 - 135*n**2 - 131*n + 292. Calculate f(12).
16
Let w(l) = 231475*l - 925905. What is w(4)?
-5
Let z(v) = 1538*v + 23037. Determine z(-15).
-33
Let l(s) = 4*s**3 - 287*s**2 + 1322*s + 56. Calculate l(5).
-9
Let h(o) = -1033*o + 10305. Calculate h(10).
-25
Let a(y) = -y**2 - 21*y - 354. Calculate a(-46).
-1504
Let t(j) = -88595*j - 3632397. Calculate t(-41).
-2
Let z(r) = 44*r**2 + 681*r - 655. Determine z(-16).
-287
Let r(x) = -2756*x + 16522. What is r(6)?
-14
Let v(u) = 8*u**3 - 144*u**2 + 517*u + 52. Give v(13).
13
Let x(f) = -f**3 - 154*f**2 - 1690*f - 260220. Determine x(-154).
40
Let b(x) = 2024*x - 22247. Give b(11).
17
Let g(l) = -4288*l - 68590. What is g(-16)?
18
Let z(l) = 6*l**3 + 17*l**2 + 1244*l - 1260. What is z(1)?
7
Let u(v) = 8*v**3 - 79*v**2 + 252*v - 288. What is u(5)?
-3
Let b(i) = 26*i**2 + 1138*i - 77. Give b(-44).
187
Let x(i) = 10621*i - 5586656. Calculate x(526).
-10
Let y(w) = -6*w**3 + 7*w**2 + 31*w - 49. What is y(-6)?
1313
Let r(c) = 3894*c + 13530. Give r(-4).
-2046
Let l(v) = 70*v**2 - 32343*v + 1377. Give l(462).
-9
Let k(d) = 3*d**2 + 4*d - 63. Give k(-12).
321
Let w(r) = 30*r**2 - 53*r - 45. Give w(-1).
38
Let r(p) = p**3 - 79*p**2 - 54*p + 10323. What is r(78)?
27
Let z(o) = o**3 + 37*o**2 - 141*o - 583. Give z(-40).
257
Let b(l) = -5642*l + 61918. Determine b(11).
-144
Let z(x) = -2281*x**2 + 13656*x - 9. Calculate z(6).
-189
Let v(b) = 5*b**3 - 893*b**2 + 4841*b + 190. Determine v(173).
-329
Let y(a) = -7906*a - 150413. Calculate y(-19).
-199
Let b(t) = 457*t - 5901. Give b(13).
40
Let x(q) = -23955*q - 83. What is x(0)?
-83
Let l(u) = u**3 - 266*u**2 + 2269*u + 152. Calculate l(9).
-244
Let o(u) = u**3 - 44*u**2 + 4319*u - 196405. Calculate o(45).
-25
Let l(c) = -1479*c**2 - 8827*c + 277. Give l(-6).
-5
Let o(p) = 31342*p - 2413335. Calculate o(77).
-1
Let j(h) = 312*h**2 - 4*h - 80. Determine j(0).
-80
Let p(d) = d**3 + 42*d**2 - 40*d + 87. Give p(-44).
-2025
Let a(f) = 2*f**3 - 18*f**2 - 112*f - 41. What is a(13)?
-145
Let s(b) = 18*b**3 - 562*b**2 - 430*b - 580. Determine s(32).
-4
Let q(w) = -10*w**2 + 9*w - 84. Calculate q(-11).
-1393
Let v(d) = 4063*d + 3665. Calculate v(-1).
-398
Let k(p) = -8*p**2 - 132*p + 1903. Determine k(32).
-10513
Let q(h) = -46*h**3 + 3214*h**2 + 427*h - 469. Give q(70).
21
Let f(k) = 37869*k**2 + 113597*k - 6. What is f(-3)?
24
Let b(y) = -1831*y + 2966. Determine b(2).
-696
Let u(w) = -117*w**3 - 4*w**2 + 5*w + 46. What is u(-4)?
7450
Let i(j) = 8*j**3 + 70*j**2 - 72*j - 745. Give i(-9).
-259
Let w(u) = 3*u**3 + 95*u**2 + 197*u + 4182. Determine w(-31).
-3
Let t(c) = -35*c**2 - 3648*c - 905. Determine t(-104).
-73
Let p(z) = z**3 + 119*z**2 - 1007*z + 991. What is p(-127)?
-152
Let b(t) = -t**3 - 107*t**2 + 1303*t + 584. Give b(-118).
-6
Let u(f) = 5607*f + 78574. What is u(-14)?
76
Let b(v) = -3*v**3 + 54*v**2 - 22*v - 417. Determine b(15).
1278
Let a(o) = -4*o**2 - 789*o + 3046. Give a(-201).
31
Let b(w) = 6*w**2 - 131*w - 895. What is b(27)?
-58
Let l(u) = -23*u**2 + 705*u - 1383. What is l(2)?
-65
Let w(q) = q**3 + 177*q**2 - 246*q + 52903. Calculate w(-180).
-17
Let o(q) = q**3 + 32*q**2 + 269*q + 95. Give o(-15).
-115
Let x(f) = 18408*f - 8062710. What is x(438)?
-6
Let g(i) = -22969*i - 13184202. What is g(-574)?
4
Let